igit of w?
4
Let d be (-4)/(-2) + 3*(-5)/(-15). Suppose -5*z = d*l - 63, 3*z = 6*z. What is the tens digit of ((-98)/l)/(1/(-3))?
1
Suppose 0 = 2*d - 3*p - 4999, 2051*d - 2050*d = 4*p + 2497. What is the hundreds digit of d?
5
Let t(r) = r**3 - 13*r**2 + 18*r + 49. Let m be t(11). Suppose -3*z - 5 = 7, 4*o - 2928 = -m*z. What is the hundreds digit of o?
7
Let i(v) = 6*v**2 + 44*v - 138. Let k be i(18). Let z = k - 1405. What is the tens digit of z?
9
Let v be 3/18*(10 + 8). Suppose 415 = 2*z - 2*m + v*m, 3*z + m = 621. What is the hundreds digit of z?
2
Let k be -1*(3 + -16*4/8). Suppose 5*h + 2600 = 5*f, 5*f + k*h - 1252 = 1378. What is the tens digit of f?
2
Let b be (-1)/((-4)/100) - 2. Let j = 27 - b. Suppose -3*t - j*t + 371 = 0. What is the units digit of t?
3
Suppose 17*q - 10*q - 203 = 0. Suppose -k + 188 + q = -2*v, 5*k = -2*v + 1109. What is the tens digit of k?
2
What is the ten thousands digit of (13 + (-5 - -13017))*(-48)/(-10)?
6
Let r(x) = x**2 + 20*x + 34. Let t be r(-19). Let m = -28 + t. What is the units digit of (13/m)/(1 + 188/(-186))?
3
What is the ten thousands digit of -22096*1*(-2)/(-12)*-3?
1
Let q = 30 + -118. What is the hundreds digit of (-6 - 0)*(q - -3)?
5
Let y be (-23 + (-3439)/(-95))/((-2)/(-5)). Let k = -14 + 29. Suppose -3*b = 3*j - 144, -b - 2*j + y + k = 0. What is the tens digit of b?
4
Suppose -5*v - 22 = -3*o + 8, -4*o = -v - 40. Suppose o*z = z + 5760. What is the units digit of z?
0
Let a(o) = 78*o**2 + 102*o + 155. What is the tens digit of a(12)?
1
Let t(o) = o**3 + 20*o**2 + 20*o + 16. Let m be t(-22). What is the thousands digit of -5 + 152/(-3)*m/64?
1
Let f(z) = z**2 - z + 4. Let k be f(0). Suppose -3*r + 71 + 126 = -2*c, 5*r - 331 = k*c. Let l = 69 - r. What is the units digit of l?
6
Suppose -10 + 8 = q. Let x be 5350/6 + q/(-6). Suppose -4*d - 372 = -x. What is the units digit of d?
0
Let c(s) = -6*s - 11 - 3*s + 3*s**2 + 3*s**3 + 0*s**2 + 0*s. What is the hundreds digit of c(5)?
3
Suppose 11*w = 7*w + 408. Let b = 378 - w. What is the tens digit of b?
7
What is the units digit of (-792)/(-990) + (-153242)/(-10) + -2 + 0?
3
What is the units digit of 120/(-32)*284492/(-39)?
5
Suppose 6*m = -5*f + 2*m + 7, 7 = 3*f + m. Suppose f*p - 51534 = -6*p. What is the tens digit of 6/(-10) - (0 + p/(-35))?
6
Let o be (-742)/(-1) + (-4 - 1 - -2). Let r = o - 475. What is the tens digit of r?
6
Suppose -2*w = -5*x + 56, -x + 2*x + w - 7 = 0. Suppose -r + 770 = x*r. What is the units digit of r?
0
Let d = -7199 - -19342. What is the units digit of d?
3
Suppose -q - 3*f + 150 = 0, -q - 722 = -6*q - f. Let c = -69 + q. Suppose -t + c = 5*y, 0*y = 4*t + y - 357. What is the tens digit of t?
9
Suppose -54 = 5*n + j, 18 = -0*n - n - 2*j. Let h(k) = k**2 - 6*k + 1. Let v be h(5). Let b = v - n. What is the units digit of b?
6
Let g be (5 - 4)/(3/183). Suppose 136 - 19 = -3*r. Let s = r + g. What is the tens digit of s?
2
Let w be 6 - (-4 + 4 + -2). What is the tens digit of (7/3)/(w/1128)?
2
Let k(a) = -73*a - 180. Let h be k(-16). Let m = -368 + h. What is the tens digit of m?
2
Let h(d) = -15*d**3 - 4*d**2 - d. Let x be h(-2). Let i = 98 - x. What is the tens digit of ((-95)/(-3) - i/24) + 4?
3
Suppose -266*o - 3*i = -265*o - 27496, 4*o - 109864 = 3*i. What is the ten thousands digit of o?
2
Let o(a) = 4*a**2 - 17*a + 21. Let t be o(9). Suppose 3*q - 3*n = t, q - n - 308 = -4*q. What is the tens digit of q?
6
Let v(h) = -h**3 - 5*h**2 - h - 5. Let q be v(-4). Let c(j) = -5*j + 13. Let t(d) = -6*d + 16. Let g(a) = -7*c(a) + 6*t(a). What is the units digit of g(q)?
2
Let t(r) = -61*r + 190. Suppose -2*q - 6 - 28 = 4*a, -5*a = 25. What is the hundreds digit of t(q)?
6
Let a(i) = -68*i**3 - 11*i**2 - 52*i + 72. What is the hundreds digit of a(-9)?
2
Let b(s) = s + 45. Let f be b(-7). Suppose f*m + 2712 = 41*m. Suppose -158 - m = -9*w. What is the units digit of w?
8
Let b(y) = 12*y**2 - 5*y + 53. Let t be b(4). Let d = 246 + t. What is the tens digit of d?
7
Let o(g) be the second derivative of 1/3*g**3 + 7*g + 3/4*g**4 - 2*g**2 + 0. What is the units digit of o(2)?
6
What is the tens digit of 3420 - (213/21 + 13/(-91))?
1
Let w(u) = u**3 + 8*u**2 - 5*u - 6. Let r be w(-8). Let d = r + -22. Let c = 83 + d. What is the units digit of c?
5
Let k = 11609 + -4774. What is the thousands digit of k?
6
Let a(s) = s**3 + 12*s**2 - 12*s + 15. Let u be -1*(-5 - -4)*-13. Let c be a(u). Suppose 0 = g + c*q - 41, 0*g - q = -g + 50. What is the tens digit of g?
4
Suppose 222 = 3*n - 3*y, 106 = -5*n - 2*y + 497. Let a = -75 + n. Suppose -a*p + 86 = 7*k - 3*k, 5*k + 20 = 0. What is the tens digit of p?
5
Let r = 3731 + -2283. Suppose 5*a - r + 808 = 0. What is the units digit of a?
8
Suppose 1616 = -s + 9958. What is the tens digit of s?
4
Let d(f) = f**3 - 8*f**2 - 6*f + 6. Let q be d(8). Let k be (q/4 - -6)/(3/(-4)). What is the tens digit of 72/(k/20*(-4 + 9))?
4
Suppose -95203 + 18964 = -l - 3*o, 5*l - 381299 = -2*o. What is the tens digit of l?
6
Let f be -8*(3/6 - 1). Suppose -v + 0*v = r - 820, -8 = -f*r. What is the tens digit of v?
1
Suppose -357*a + 716*a = 357*a + 27998. What is the thousands digit of a?
3
Suppose -114 = 2*o - 0*t - 4*t, 2*t + 108 = -2*o. Suppose 103*s = 80*s + 2346. Let a = o + s. What is the tens digit of a?
4
What is the tens digit of 8 + (17 - (-4407 + -6))?
3
Suppose -1346789 = -56*w + 31*w - 454714. What is the hundreds digit of w?
6
What is the tens digit of (-15)/(((-3)/842)/((-22)/(-4)))?
5
Let w = 16484 - 6594. What is the units digit of w?
0
Suppose 2*x - 360054 = -5*p, 227*x = 224*x + 21. What is the hundreds digit of p?
0
Let i(c) = -c**3 - 12*c**2 + 19*c - 32. What is the thousands digit of i(-25)?
7
Suppose -o + 10 = -j + 3*o, 0 = -5*j - 2*o + 16. Suppose -3*k + 1339 = 4*x, 669 = j*x - 0*x + k. What is the hundreds digit of x?
3
Suppose 0 = j - 3*z - 26375, 679*j - 52765 = 677*j + 3*z. What is the tens digit of j?
9
Let t(k) = -289*k**3 - 20*k**2 - 3*k - 11. What is the ten thousands digit of t(-4)?
1
Let p be -30*(2 - (-16)/(-12)). Let r be ((-48)/(-15))/((-8)/p). Suppose k + r*k - 756 = 0. What is the units digit of k?
4
What is the units digit of 613608/74 - (0 - -18)/3?
6
Let g(i) = 2*i**2 + 23*i - 5. Let p be g(-12). Let w(n) = 21*n**2 - 31*n + 18. What is the tens digit of w(p)?
3
Let c = -55 + 59. Suppose -w + c*b = -17, -2*w = 4*b - 5 - 41. What is the units digit of w?
1
What is the units digit of (-635*2)/(-2)*27264/1420?
2
Let z(k) = 79*k**2 - 7*k + 8. Let s be z(2). Let q = s + 279. What is the hundreds digit of q?
5
Let d(n) = 2*n**2 + 7*n + 3. Let f be d(-2). What is the hundreds digit of (3 + f)/(-6) - -205?
2
Let w(q) = -281*q**3 + 7*q**2 + 50*q + 106. What is the thousands digit of w(-6)?
0
Let v(g) = -7*g**2 - 7*g + 6. Let l(b) = -20*b**2 - 21*b + 18. Let p(y) = -6*l(y) + 17*v(y). Let k = -20 + 27. What is the units digit of p(k)?
2
Let t be 9/(72/(-56)) - -485. Let h = 902 - t. What is the tens digit of h?
2
Let b(j) = j**3 - 8*j**2 + 5*j + 17. Let i = 11 - 4. Let v be b(i). Suppose 108 = s + v*s. What is the units digit of s?
7
Let n be (-4800)/(-90) + 1/(-3). Suppose -4*i = 2*b - 3*i - 25, -4*b + n = i. Let f = 53 + b. What is the tens digit of f?
6
Let c = -8 - 93. Let j be (-96)/(-288) - (0 + (-1846)/6). Let y = c + j. What is the units digit of y?
7
Let s be (-1395)/(-75) + 1/(10/4). Suppose 0 = s*z + 103 - 2744. What is the hundreds digit of z?
1
Suppose -9*a - 34120 = -169570. What is the units digit of a?
0
Let m = 2062 + -1604. Let f be ((-5)/(-4))/(1/4). Suppose 2*b + 3*g - 2*g = 185, -g + m = f*b. What is the units digit of b?
1
Suppose -4*p + 9*p + 5870 = 0. Let u = -706 - p. Suppose u = 2*x + 2*x. What is the tens digit of x?
1
Let w = 637 - 638. Let v(y) = 1531*y**2 + 8*y + 4. What is the units digit of v(w)?
7
Let g(a) = 91*a + 64. Let l be g(-9). Let t = -439 - l. What is the units digit of t?
6
Suppose -68725 = -16*r + 26284 + 81455. What is the units digit of r?
9
Suppose -5*b + 1 = 1. Suppose -5*y + 49 = -3*y + 3*n, b = y - n - 17. Suppose 4*f + y = 5*f - m, 3*m = 5*f - 94. What is the tens digit of f?
1
Let a(d) = 2*d**2 - d - 8. Let z be a(-4). Let w be (5/(-25)*z)/(4/(-10)). Let c = 129 + w. What is the hundreds digit of c?
1
Let c = 18 + -15